 3 + 1019141?
1019144
In base 8, what is 62123 + -2034?
60067
In base 15, what is 38a3c + 2?
38a3e
In base 11, what is 17012971 - -5?
17012976
In base 10, what is 38447 + -350?
38097
In base 15, what is -a6 + -46593?
-46649
In base 12, what is 1 - -a55b49?
a55b4a
In base 3, what is -10 + -1120022202022?
-1120022202102
In base 3, what is -10011201002221021 - -12?
-10011201002221002
In base 5, what is -20341131241 + 12?
-20341131224
In base 7, what is -10245 - 314141?
-324416
In base 4, what is -3213002213 + 111?
-3213002102
In base 5, what is -2112 + -2101101?
-2103213
In base 10, what is 72 + -531410?
-531338
In base 14, what is -6a11112 - -4?
-6a1110c
In base 2, what is -110101 + -11110000100000001001001?
-11110000100000001111110
In base 12, what is 0 - -11bb7053?
11bb7053
In base 16, what is -38 - -14155?
1411d
In base 2, what is 101000011011100110111001 - 0?
101000011011100110111001
In base 14, what is -69664677 + -1?
-69664678
In base 5, what is -12 - -131343010?
131342443
In base 13, what is -1374 - 56938?
-57cac
In base 5, what is 31 - -24131024441?
24131030022
In base 4, what is 23123 - 21332200?
-21303011
In base 8, what is 51 + 4765601?
4765652
In base 8, what is -33651 - -141633?
105762
In base 5, what is 33310400 - 1211?
33304134
In base 4, what is -13232032 - 23?
-13232121
In base 16, what is -260b2 - 0?
-260b2
In base 9, what is 27436 + -180?
27246
In base 14, what is -3 - -1397c23?
1397c20
In base 16, what is a72d - 2?
a72b
In base 6, what is -1142452 + -53402?
-1240254
In base 4, what is 11232010 + -12323113?
-1031103
In base 7, what is -1334312521 - 5?
-1334312526
In base 15, what is -11 + a04926?
a04915
In base 3, what is 10021 + 1211012121?
1211022212
In base 14, what is -1d89 - 35a6?
-5551
In base 8, what is 2726132 - -332?
2726464
In base 7, what is 55 + -26011621?
-26011533
In base 15, what is 8a4bd0 + 5?
8a4bd5
In base 10, what is 1852 - 291659?
-289807
In base 10, what is -25 - -63866?
63841
In base 8, what is -1003460 - 34?
-1003514
In base 15, what is 1d4 + 1d8a?
206e
In base 4, what is 0 + -320303332012?
-320303332012
In base 4, what is -132301003 - -11?
-132300332
In base 3, what is -1 + -100111201200202?
-100111201200210
In base 4, what is -210110220 - 133202?
-210310022
In base 2, what is 101111000011010110100001110101 - 1?
101111000011010110100001110100
In base 16, what is 3c1d1d - -e?
3c1d2b
In base 9, what is -880 + -37437?
-38427
In base 16, what is -2 + -13bf72?
-13bf74
In base 15, what is 2 - d66d87?
-d66d85
In base 8, what is -142574032 + -12?
-142574044
In base 10, what is 3 + -7132075?
-7132072
In base 10, what is 7540 - -3690?
11230
In base 5, what is -1221442244 + -4?
-1221442303
In base 14, what is -6a0358d - 3?
-6a03592
In base 5, what is -3 - -1004412320431?
1004412320423
In base 5, what is 1 + 1403201044?
1403201100
In base 3, what is -10022000 + 20112202101?
20102110101
In base 12, what is -17aa208 + -4?
-17aa210
In base 3, what is -1001021 - -12101012201?
12100011110
In base 4, what is 2320223033 + 2203?
2320231302
In base 7, what is -122240335 + 4?
-122240331
In base 6, what is 320334 + -50515?
225415
In base 8, what is -2713 + -70725?
-73640
In base 8, what is -31621 - -7022?
-22577
In base 15, what is 5 + -1dd37d?
-1dd378
In base 13, what is -6 - -12073b6a?
12073b64
In base 16, what is 92 + -12db00?
-12da6e
In base 12, what is -22b84206 + 0?
-22b84206
In base 11, what is 11931 - -2479?
142aa
In base 3, what is 102100022010022100 + -2?
102100022010022021
In base 11, what is 331a729a - -1?
331a72a0
In base 5, what is -31141410 - -10410?
-31131000
In base 2, what is -10001110 + 101000111000010111?
101000110110001001
In base 12, what is -8646a3b4 - 0?
-8646a3b4
In base 8, what is 1277757 + -13?
1277744
In base 3, what is -2000021202202022 + -10?
-2000021202202102
In base 8, what is -4 + 2774036?
2774032
In base 3, what is -10212 - 211111202100?
-211111220012
In base 16, what is 8f - -47a6?
4835
In base 8, what is -2 + -62475432?
-62475434
In base 4, what is 11331310 + 1320?
11333230
In base 11, what is -21 - -153675?
153654
In base 9, what is 15722706 + -51?
15722645
In base 10, what is 3085453 + -6?
3085447
In base 5, what is 202204 - 11401420?
-11144211
In base 11, what is 1236 + -36a9?
-2473
In base 4, what is -2021032330111320 - 2?
-2021032330111322
In base 10, what is 19102328 - -2?
19102330
In base 7, what is 100660321 - 1?
100660320
In base 2, what is 1100000011010100 + 10111010001?
1100011010100101
In base 7, what is 10133621654 - 3?
10133621651
In base 8, what is -32667 + 750?
-31717
In base 4, what is -13 + 1001301321010?
1001301320331
In base 16, what is -3f + 3593f?
35900
In base 5, what is 4 + -22012024302?
-22012024243
In base 12, what is -1b592 - -11?
-1b581
In base 13, what is 949456 + 5?
94945b
In base 7, what is 1 - 10343160405?
-10343160404
In base 4, what is -112012310 + 3212?
-112003032
In base 3, what is -10201 - -122212?
112011
In base 15, what is -90 - -866845?
8667a5
In base 16, what is -74fef + -13?
-75002
In base 15, what is 4 - -51965?
51969
In base 16, what is -520cc0 + 63?
-520c5d
In base 6, what is 1530 + -20553?
-15023
In base 6, what is -1112132 + -50251?
-1202423
In base 11, what is -580279 - -75?
-580204
In base 5, what is -3123032 - -100?
-3122432
In base 10, what is -34 + -194656?
-194690
In base 14, what is -c682c + 207?
-c6625
In base 3, what is -1 + -21000212111011?
-21000212111012
In base 13, what is 0 + 27b3a0?
27b3a0
In base 3, what is 21000001221220 - 1?
21000001221212
In base 2, what is -1110110 + -1010001101110101?
-1010001111101011
In base 12, what is -1a77b6 - -85?
-1a7731
In base 5, what is -1222102 + 1134?
-1220413
In base 4, what is -1302101232111 + 11?
-1302101232100
In base 6, what is -504402 - 15300?
-524102
In base 10, what is 25241913 + 3?
25241916
In base 3, what is -1212101212 + -111121?
-1212220110
In base 13, what is -527 + -282?
-7a9
In base 7, what is 1411401040 - -14?
1411401054
In base 9, what is -1374426 + -78?
-1374515
In base 11, what is -38aa955 - -2?
-38aa953
In base 10, what is -104051505 - -1?
-104051504
In base 11, what is -98880584 + -5?
-98880589
In base 7, what is 311 + 333434?
334045
In base 5, what is 30440 - 4234311?
-4203321
In base 5, what is -32 + -42032400?
-42032432
In base 10, what is 29981 - -6?
29987
In base 9, what is -111408 - -3468?
-106830
In base 13, what is -b52 - a704?
-b556
In base 2, what is -10011001 + -101001000010111?
-101001010110000
In base 15, what is 39 + 2a669?
2a6a3
In base 16, what is -30a + 5596f?
55665
In base 8, what is 16334463 + 17?
16334502
In base 12, what is 675656b + -2?
6756569
In base 8, what is -7111733 + -22?
-7111755
In base 9, what is 4 + -3471756?
-3471752
In base 14, what is 1 + -197357?
-197356
In base 9, what is -23428407 + -3?
-23428411
In base 12, what is 30 - 324127?
-3240b7
In base 13, what is -4 - -9b3429?
9b3425
In base 12, what is -94 - -1a959?
1a885
In base 3, what is -220012 - 1011200122012?
-1011201112101
In base 13, what is 3a + 6919b?
69208
In base 4, what is 30231 + 231330020?
232020311
In base 12, what is 5060 - -720?
5780
In base 9, what is 10500 + -2138?
7351
In base 4, what is -1131 + -212300132?
-212301323
In base 10, what is -633 - 40826?
-41459
In base 3, what is 0 + 20212212210221?
20212212210221
In base 13, what is 45a19 - -32aa?
48cc6
In base 5, what is -23341 + -333?
-24224
In base 10, what is -33 + 2219905?
2219872
In base 14, what is -183d1 - 134?
-18525
In base 12, what is 74 - -56428?
564a0
In base 5, what is 10 + -21343214414?
-21343214404
In base 9, what is -5 + 14422587?
14422582
In base 10, what is -108435 - -73?
-108362
In base 6, what is -5113 + 235?
-4434
In base 6, what is -444302512051 - 2?
-444302512053
In base 3, what is -120120200 - 12210?
-120210110
In base 3, what is 102 + 22011001120?
22011001222
In base 3, what is -112010 + 10011102?
2122022
In base 7, what is 1603231614 - 5?
1603231606
In base 7, what is 5555513 + -1332?
5554151
In base 13, what is 1581c + -188?
15664
In base 15, what is -7dedd + -446?
-7e434
In base 7, what is 31056363 - 6?
31056354
In base 10, what is -17383265 - -40?
-17383225
In base 2, what is 100110 + 100100001101110001100?
100100001101110110010
In base 3, what is 22000 + 11101211000?
11102010000
In base 1